ided by 27165.
10
Calculate the remainder when 12551227 is divided by 68.
59
Calculate the remainder when 25829215 is divided by 27246.
7
What is the remainder when 3290999 is divided by 68562?
23
What is the remainder when 232500 is divided by 46485?
75
Calculate the remainder when 220129945 is divided by 1568.
1561
Calculate the remainder when 18428828 is divided by 1488.
1436
What is the remainder when 246173 is divided by 35151?
116
What is the remainder when 230940 is divided by 135?
90
Calculate the remainder when 79388 is divided by 1209.
803
Calculate the remainder when 361293 is divided by 15704.
101
What is the remainder when 52157382 is divided by 312?
30
Calculate the remainder when 6449433 is divided by 10839.
228
Calculate the remainder when 24264819 is divided by 2022065.
39
What is the remainder when 634470 is divided by 9483?
8592
What is the remainder when 58807464 is divided by 163?
161
What is the remainder when 308847 is divided by 653?
631
Calculate the remainder when 591203 is divided by 803.
195
Calculate the remainder when 113260615 is divided by 7550707.
10
What is the remainder when 27477708 is divided by 4579616?
12
What is the remainder when 10792426 is divided by 79?
78
What is the remainder when 622270 is divided by 13?
12
What is the remainder when 1261381 is divided by 136?
117
Calculate the remainder when 465162 is divided by 2501.
2477
What is the remainder when 1888326 is divided by 2173?
2162
What is the remainder when 6170986 is divided by 596?
2
Calculate the remainder when 256889 is divided by 51229.
744
Calculate the remainder when 10065176 is divided by 479294.
2
What is the remainder when 15187 is divided by 4656?
1219
Calculate the remainder when 64112776 is divided by 17.
13
What is the remainder when 141697 is divided by 4723?
7
What is the remainder when 1368586 is divided by 91181?
871
What is the remainder when 982408 is divided by 259?
21
What is the remainder when 1323492 is divided by 330862?
44
What is the remainder when 7477284 is divided by 56?
52
What is the remainder when 538657 is divided by 23419?
20
Calculate the remainder when 9952 is divided by 4289.
1374
Calculate the remainder when 546439 is divided by 7488.
7303
Calculate the remainder when 6834574 is divided by 30.
4
Calculate the remainder when 537567 is divided by 3232.
1055
Calculate the remainder when 36324 is divided by 4657.
3725
Calculate the remainder when 2842546 is divided by 568508.
6
Calculate the remainder when 14856004 is divided by 3014.
3012
Calculate the remainder when 210335 is divided by 52580.
15
Calculate the remainder when 443047006 is divided by 377.
376
What is the remainder when 20413181 is divided by 5103293?
9
What is the remainder when 3789254 is divided by 659?
4
What is the remainder when 28264177 is divided by 2674?
2671
Calculate the remainder when 23176057 is divided by 23176056.
1
What is the remainder when 438407 is divided by 614?
11
Calculate the remainder when 27828 is divided by 245.
143
What is the remainder when 23992 is divided by 76?
52
What is the remainder when 67699661 is divided by 16?
13
Calculate the remainder when 1592272 is divided by 83.
0
What is the remainder when 825908 is divided by 1903?
6
What is the remainder when 15309642 is divided by 7654784?
74
What is the remainder when 73305965 is divided by 18326490?
5
Calculate the remainder when 388273 is divided by 27723.
151
What is the remainder when 6272043 is divided by 6272026?
17
Calculate the remainder when 98526 is divided by 32469.
1119
Calculate the remainder when 3842392 is divided by 18124.
104
What is the remainder when 8000508 is divided by 845?
48
Calculate the remainder when 4093517 is divided by 26.
25
What is the remainder when 72762807 is divided by 43?
13
What is the remainder when 234580 is divided by 21322?
38
What is the remainder when 4060797 is divided by 1353583?
48
What is the remainder when 4614970 is divided by 7504?
10
What is the remainder when 28705 is divided by 1247?
24
Calculate the remainder when 1386028 is divided by 461959.
151
Calculate the remainder when 261131393 is divided by 478.
471
What is the remainder when 96057161 is divided by 55237?
18
Calculate the remainder when 2390352 is divided by 45.
42
Calculate the remainder when 14326046 is divided by 75.
71
Calculate the remainder when 3994282 is divided by 14850.
14482
What is the remainder when 776502 is divided by 406?
230
Calculate the remainder when 20129476 is divided by 28.
24
Calculate the remainder when 987936 is divided by 93.
90
Calculate the remainder when 98222 is divided by 2251.
1429
What is the remainder when 4299849 is divided by 2051?
953
What is the remainder when 15295153 is divided by 124?
1
Calculate the remainder when 197919 is divided by 8144.
2463
What is the remainder when 5186086 is divided by 479?
432
Calculate the remainder when 7472401 is divided by 6887.
6
What is the remainder when 20228578 is divided by 205?
203
Calculate the remainder when 2885576 is divided by 412225.
1
What is the remainder when 16068 is divided by 5471?
5126
What is the remainder when 3461806 is divided by 9677?
7117
What is the remainder when 51272202 is divided by 1165277?
14
What is the remainder when 139659 is divided by 814?
465
What is the remainder when 240866 is divided by 1516?
1338
Calculate the remainder when 838898 is divided by 779.
694
Calculate the remainder when 2090129 is divided by 139291.
764
Calculate the remainder when 26090621 is divided by 759.
755
Calculate the remainder when 335960 is divided by 241.
6
What is the remainder when 429070 is divided by 487?
23
Calculate the remainder when 21087541 is divided by 324.
1
What is the remainder when 663266 is divided by 10212?
9698
What is the remainder when 46877 is divided by 2932?
2897
What is the remainder when 81178 is divided by 4260?
238
What is the remainder when 933398 is divided by 133311?
221
Calculate the remainder when 2829310 is divided by 202091.
36
What is the remainder when 59340709 is divided by 170?
169
What is the remainder when 47598 is divided by 48?
30
What is the remainder when 6853881 is divided by 201?
183
What is the remainder when 3959570 is divided by 2218?
440
What is the remainder when 52774542 is divided by 13?
2
Calculate the remainder when 1358643 is divided by 759.
33
Calculate the remainder when 6355 is divided by 675.
280
Calculate the remainder when 5995452 is divided by 1613.
1544
Calculate the remainder when 2900699 is divided by 1100.
1099
What is the remainder when 136740 is divided by 907?
690
What is the remainder when 5872547 is divided by 5872527?
20
What is the remainder when 1422651 is divided by 83685?
6
What is the remainder when 348983806 is divided by 23?
22
What is the remainder when 3279625 is divided by 15?
10
What is the remainder when 8696921 is divided by 114?
89
Calculate the remainder when 58122 is divided by 173.
167
Calculate the remainder when 111392 is divided by 6213.
5771
What is the remainder when 2102161 is divided by 99?
94
Calculate the remainder when 320365 is divided by 8143.
2788
What is the remainder when 80715864 is divided by 154?
152
Calculate the remainder when 52881910 is divided by 13220469.
34
What is the remainder when 52689822 is divided by 241?
233
What is the remainder when 673782 is divided by 29?
25
What is the remainder when 65163071 is divided by 15?
11
Calculate the remainder when 20809406 is divided by 122.
110
Calculate the remainder when 249240 is divided by 1545.
495
Calculate the remainder when 17614258 is divided by 31.
27
Calculate the remainder when 3278039 is divided by 236.
235
What is the remainder when 41438 is divided by 40930?
508
What is the remainder when 915207398 is divided by 610?
608
What is the remainder when 384432035 is divided by 86?
81
What is the remainder when 1136807 is divided by 456?
455
Calculate the remainder when 48337 is divided by 105.
37
Calculate the remainder when 24267 is divided by 4598.
1277
Calculate the remainder when 11203010 is divided by 671.
665
Calculate the remainder when 3932195 is divided by 950.
145
Calculate the remainder when 2278769 is divided by 46505.
24
What is the remainder when 8215272 is divided by 139?
94
Calcul